1, 1162937
What are the prime factors of 86595253?
23, 3765011
What are the prime factors of 161245003?
11321, 14243
List the prime factors of 150469945.
5, 71, 423859
What are the prime factors of 99184854?
2, 3, 521, 31729
List the prime factors of 952542698.
2, 8179, 58231
What are the prime factors of 29475322?
2, 61, 241601
What are the prime factors of 6438912677?
6438912677
List the prime factors of 321403707.
3, 5443
What are the prime factors of 4757889?
3, 1585963
List the prime factors of 701872901.
19, 36940679
What are the prime factors of 513373430?
2, 5, 67, 766229
What are the prime factors of 5996769740?
2, 5, 13, 19, 1213921
What are the prime factors of 84855758?
2, 13, 61, 53503
What are the prime factors of 175536895?
5, 73, 593, 811
List the prime factors of 98353588.
2, 41, 67, 8951
What are the prime factors of 410367629?
7, 37, 1584431
List the prime factors of 39670320.
2, 3, 5, 165293
What are the prime factors of 490867784?
2, 11, 5578043
What are the prime factors of 808997110?
2, 5, 1657, 48823
List the prime factors of 358096065.
3, 5, 109, 219019
List the prime factors of 1011693708.
2, 3, 139, 181, 1117
What are the prime factors of 123900233?
17, 607, 12007
What are the prime factors of 655501801?
6869, 95429
List the prime factors of 291265085.
5, 1069, 54493
List the prime factors of 365979385.
5, 73195877
List the prime factors of 490752817.
23, 3119, 6841
List the prime factors of 6406708532.
2, 7, 131, 1746649
List the prime factors of 15193275.
3, 5, 202577
List the prime factors of 688921550.
2, 5, 3049, 4519
What are the prime factors of 2615972428?
2, 653993107
What are the prime factors of 3546689954?
2, 173, 10250549
List the prime factors of 797481601.
7, 659, 172877
What are the prime factors of 104979768?
2, 3, 29, 150833
List the prime factors of 6114905.
5, 31, 39451
List the prime factors of 153054447.
3, 7, 13, 560639
List the prime factors of 51563934.
2, 3, 101, 113, 251
List the prime factors of 50132074.
2, 3559, 7043
List the prime factors of 8682618577.
467, 571, 32561
List the prime factors of 998007171.
3, 7, 6607, 7193
List the prime factors of 539764923.
3, 1021, 176221
List the prime factors of 182454323.
257, 293, 2423
List the prime factors of 16153919.
1999, 8081
What are the prime factors of 83857709?
13, 6450593
What are the prime factors of 376841554?
2, 19, 53, 187111
List the prime factors of 1824943562.
2, 13, 70190137
What are the prime factors of 38935767?
3, 13, 998353
What are the prime factors of 2570374183?
13, 197721091
What are the prime factors of 1343884502?
2, 347, 1936433
What are the prime factors of 245051220?
2, 3, 5, 131, 31177
What are the prime factors of 124853023?
421, 296563
List the prime factors of 868228606.
2, 7, 37, 449, 3733
What are the prime factors of 405264692?
2, 7, 23, 89899
What are the prime factors of 468017801?
468017801
What are the prime factors of 165229574?
2, 4283, 19289
List the prime factors of 77623112.
2, 7, 311, 4457
List the prime factors of 60030833.
60030833
List the prime factors of 319056317.
319056317
What are the prime factors of 27272970?
2, 3, 5, 83, 1217
List the prime factors of 331373094.
2, 3, 13, 223, 19051
List the prime factors of 3239960468.
2, 809990117
What are the prime factors of 132701494?
2, 66350747
What are the prime factors of 40084186?
2, 19, 71, 83, 179
What are the prime factors of 208167940?
2, 5, 23, 452539
What are the prime factors of 158638861?
158638861
List the prime factors of 36475058.
2, 1061, 17189
List the prime factors of 113142078.
2, 3, 7, 37, 3467
What are the prime factors of 4090483753?
7937, 515369
What are the prime factors of 332154487?
7, 29, 233747
List the prime factors of 156667705.
5, 43, 728687
List the prime factors of 73612647.
3, 37, 221059
List the prime factors of 15367326.
2, 3, 13, 271, 727
List the prime factors of 1505400973.
1973, 763001
List the prime factors of 2915342870.
2, 5, 11, 26503117
What are the prime factors of 7077229929?
3, 7, 11, 378239
What are the prime factors of 466588175?
5, 18663527
What are the prime factors of 266750159?
13, 23, 892141
List the prime factors of 655680219.
3, 37, 137, 43117
What are the prime factors of 1868592484?
2, 11, 71, 598141
List the prime factors of 250180625.
5, 613, 653
List the prime factors of 518700854.
2, 7, 37, 1001353
What are the prime factors of 156697785?
3, 5, 73, 47701
List the prime factors of 192010501.
37, 5189473
What are the prime factors of 87921915?
3, 5, 5861461
List the prime factors of 292026335.
5, 2377, 24571
List the prime factors of 467195291.
14293, 32687
What are the prime factors of 980488786?
2, 59, 8309227
What are the prime factors of 141999644?
2, 35499911
What are the prime factors of 929146143?
3, 309715381
What are the prime factors of 7157033522?
2, 109, 1801, 18229
What are the prime factors of 451759611?
3, 1861, 80917
What are the prime factors of 320350247?
7, 809, 56569
List the prime factors of 162425688.
2, 3, 67, 83, 1217
List the prime factors of 81900152.
2, 17, 131, 4597
What are the prime factors of 84973536?
2, 3, 32783
List the prime factors of 14438656.
2, 56401
What are the prime factors of 608720195?
5, 19, 181, 35401
What are the prime factors of 107727507?
3, 11969723
List the prime factors of 1166892069.
3, 7, 55566289
What are the prime factors of 53129097?
3, 7, 17, 113, 439
List the prime factors of 211964237.
211964237
List the prime factors of 352230546.
2, 3, 383, 153277
What are the prime factors of 913355668?
2, 17, 23, 397, 1471
List the prime factors of 28688736.
2, 3, 298841
What are the prime factors of 63528186?
2, 3, 37, 286163
List the prime factors of 2366952346.
2, 11, 107588743
What are the prime factors of 27878995?
5, 659, 8461
What are the prime factors of 1425329910?
2, 3, 5, 37, 428027
List the prime factors of 711229069.
23, 30923003
List the prime factors of 65218122.
2, 3, 402581
What are the prime factors of 48498742?
2, 24249371
What are the prime factors of 188083766?
2, 13, 7233991
List the prime factors of 724211027.
37, 53, 73, 5059
List the prime factors of 511973683.
13, 17, 41, 56503
What are the prime factors of 832544053?
11, 75685823
List the prime factors of 553657931.
1789, 309479
List the prime factors of 782488406.
2, 7, 593, 94253
What are the prime factors of 841461215?
5, 7, 37, 649777
List the prime factors of 244533538.
2, 1601, 76369
List the prime factors of 39850614.
2, 3, 2213923
What are the prime factors of 34306955?
5, 37, 41, 4523
List the prime factors of 1022927551.
233, 4390247
List the prime factors of 875428437.
3, 13, 31, 724093
What are the prime factors of 795770813?
23, 179, 283, 683
What are the prime factors of 109252973?
1741, 62753
What are the prime factors of 10800601?
7, 67, 23029
What are the prime factors of 1848858912?
2, 3, 619, 3457
What are the prime factors of 6279882679?
7, 19, 113, 59693
What are the prime factors of 638660339?
149, 4286311
What are the prime factors of 86600784?
2, 3, 19, 269, 353
List the prime factors of 3989108623.
107, 353, 105613
List the prime factors of 2521697871.
3, 7, 11, 29, 337, 1117
What are the prime factors of 241947058?
2, 29, 821, 5081
List the prime factors of 940318074.
2, 3, 37, 1411889
What are the prime factors of 325671392?
2, 29, 163, 2153
List the prime factors of 59255455.
5, 7, 17, 41, 347
What are the prime factors of 2711113828?
2, 17, 5779, 6899
What are the prime factors of 706136983?
281, 2512943
List the prime factors of 164956460.
2, 5, 23, 358601
What are the prime factors of 455505953?
7, 65072279
List the prime factors of 2647862221.
2647862221
What are the prime factors of 59485695?
3, 5, 151, 26263
What are the prime factors of 39692818?
2, 11, 1804219
What are the prime factors of 29566645?
5, 5913329
List the prime factors of 213468663.
3, 2131, 33391
List the prime factors of 71158868.
2, 11, 1617247
What are the prime factors of 340877038?
2, 431, 395449
List the prime factors of 724311089.
619, 1170131
List the prime factors of 230760106.
2, 79, 1460507
List the prime factors of 918453056.
2, 14350829
List the prime factors of 565026306.
2, 3, 13, 7243927
List the prime factors of 7620284403.
3, 53, 401, 39839
Lis